{"id":27102,"date":"2021-06-01T11:42:11","date_gmt":"2021-06-01T14:42:11","guid":{"rendered":"http:\/\/www.grandelojadoparana.org.br\/english\/?page_id=27102"},"modified":"2021-07-01T09:57:23","modified_gmt":"2021-07-01T12:57:23","slug":"es-regularidade","status":"publish","type":"page","link":"https:\/\/www.grandelojadoparana.org.br\/espanol\/es-regularidade\/","title":{"rendered":"ES REGULARIDADE"},"content":{"rendered":"<p>[vc_row][vc_column]<div class=\"clearboth\"><\/div><div class=\"gem-divider \" style=\"margin-top: -60px;\"><\/div>[vc_column_text css_animation=&#8221;bottom-to-top&#8221;]<\/p>\n<div class=\"title-h5\" style=\"text-align: center;\"><span class=\"light\">CONOCE NUESTRA HISTORIA<br \/>\n<\/span><\/div>\n<p>[\/vc_column_text][vc_column_text css_animation=&#8221;bottom-to-top&#8221;]<\/p>\n<div class=\"title-h2\" style=\"text-align: center; margin-bottom: 27px;\">REGULARIDAD MAS\u00d3NICA<\/div>\n<div style=\"width: 55px; height: 3px; background: #e7272d; text-indent: 9999px; margin: auto;\">1<\/div>\n<p>[\/vc_column_text]<div class=\"clearboth\"><\/div><div class=\"gem-divider \" style=\"margin-top: -60px;\"><\/div>[\/vc_column][\/vc_row][vc_row css=&#8221;.vc_custom_1608210755218{margin-top: 140px !important;margin-bottom: 80px !important;background-position: 0 0 !important;background-repeat: no-repeat !important;}&#8221; el_class=&#8221;custom-frame&#8221;][vc_column width=&#8221;1\/2&#8243; css=&#8221;.vc_custom_1513327690197{margin-top: 0px !important;margin-bottom: 0px !important;padding-top: 0px !important;padding-bottom: 0px !important;}&#8221;][vc_column_text css_animation=&#8221;bottom-to-top&#8221;]<\/p>\n<p style=\"text-align: justify;\">El Concepto de Regularidad de los Poderes Mas\u00f3nicos, adoptado en todo el mundo, tiene en cuenta varios aspectos. En cuanto a su origen, los Poderes Mas\u00f3nicos deben estar formados por Logias Mas\u00f3nicas Regulares, tener su \u00e1rea de jurisdicci\u00f3n bien definida y no estar en conflicto con otros Poderes, o tener el reparto de territorio otorgado por ellos. Adem\u00e1s, se deben seguir varios principios legales, morales y \u00e9ticos.<br \/>\nLos Poderes Mas\u00f3nicos Regulares deben guiarse por la creencia en un Ser Creador Supremo, llamado Gran Arquitecto del Universo, y en la existencia de una vida futura. Debe haber absoluta obediencia a las antiguas tradiciones, usos y costumbres mas\u00f3nicas, adem\u00e1s de la observancia de la Constituci\u00f3n de Anderson adoptada por la Gran Logia de Inglaterra en 1723, y otros diplomas legales que predican la mejora humana en los aspectos morales, intelectuales y espirituales. Los poderes mas\u00f3nicos regulares tambi\u00e9n deben seguir estrictamente las leyes de su pa\u00eds, adoptando los principios de Legalidad, Impersonalidad y Transparencia.<\/p>\n<p>[\/vc_column_text]<div class=\"clearboth\"><\/div><div class=\"gem-divider \" style=\"margin-top: 90px;\"><\/div><div class=\"centered-box gem-image-centered-box\"><div class=\"gem-image gem-wrapbox gem-wrapbox-style-default gem-wrapbox-position-centered lazy-loading\" style=\"width: 500px;height: 500px;\"><div class=\"gem-wrapbox-inner  lazy-loading-item\"  data-ll-effect=\"move-up\"><img decoding=\"async\" class=\"gem-wrapbox-element img-responsive\" src=\"https:\/\/www.grandelojadoparana.org.br\/espanol\/wp-content\/uploads\/2021\/01\/H7dzWu3y_400x400.jpg\" alt=\"\"\/><\/div><\/div><\/div>[\/vc_column][vc_column width=&#8221;1\/2&#8243; css=&#8221;.vc_custom_1545062683533{margin-top: 0px !important;margin-bottom: 0px !important;padding-top: 0px !important;padding-bottom: 0px !important;}&#8221;]<div class=\"centered-box gem-image-centered-box\"><div class=\"gem-image gem-wrapbox gem-wrapbox-style-default gem-wrapbox-position-centered lazy-loading\" style=\"width: 500px;height: 500px;\"><div class=\"gem-wrapbox-inner  lazy-loading-item\"  data-ll-effect=\"move-up\"><img decoding=\"async\" class=\"gem-wrapbox-element img-responsive\" src=\"https:\/\/www.grandelojadoparana.org.br\/espanol\/wp-content\/uploads\/2021\/01\/Imagens-site.gif\" alt=\"\"\/><\/div><\/div><\/div><div class=\"clearboth\"><\/div><div class=\"gem-divider \" style=\"margin-top: 90px;\"><\/div>[vc_column_text css_animation=&#8221;bottom-to-top&#8221;]La Gran Logia de Paran\u00e1 tiene Tratados de Reconocimiento y Amistad con 150 Poderes Mas\u00f3nicos en Brasil y en el exterior, incluyendo la Gran Logia Unida de Inglaterra &#8211; UGLE, conocida como la \u201cGran Logia del Mundo\u201d.<br \/>\nEn Brasil, los Poderes Mas\u00f3nicos reconocidos a nivel nacional e internacional son las Grandes Logias, miembros de la Confederaci\u00f3n de la Masoner\u00eda Simb\u00f3lica de Brasil -CMSB, de la cual somos parte, los Grandes Estados Orientes, afiliados a la Confederaci\u00f3n Mas\u00f3nica de Brasil &#8211; COMAB, y el Gran Oriente de Brasil &#8211; GOB. Ninguna otra organizaci\u00f3n en lo que se llama Francmasoner\u00eda es reconocida por la Comunidad Mas\u00f3nica Internacional Regular.<br \/>\nLa Gran Logia de Paran\u00e1, como Obediencia Mas\u00f3nica regular y reconocida como tal por la Comunidad Mas\u00f3nica Regular Nacional e Internacional, trabajar\u00e1 siempre, a trav\u00e9s de sus Logias jurisdiccionales, para el mejoramiento de sus miembros, para que contribuyan a la felicidad y progreso de humanidad.[\/vc_column_text]<div class=\"clearboth\"><\/div><div class=\"gem-divider \" style=\"margin-top: 50px;\"><\/div>[\/vc_column][\/vc_row][vc_row][vc_column]<div class=\"clearboth\"><\/div><div class=\"gem-divider \" style=\"margin-top: -100px;\"><\/div>[vc_column_text css_animation=&#8221;top-to-bottom&#8221;]<\/p>\n<div class=\"title-h1 title-h5\" style=\"text-align: center;\"><span class=\"light\">\u00bfHAY ALGUNA PREGUNTA?<\/span><\/div>\n<p>[\/vc_column_text]<div class=\"gem-button-container gem-button-position-center\"><a class=\"gem-button gem-button-size-medium gem-button-style-outline gem-button-text-weight-normal gem-button-border-2\" style=\"border-radius: 3px;border-color: #2f2c7e;color: #2f2c7e;\" onmouseleave=\"this.style.borderColor='#2f2c7e';this.style.backgroundColor='transparent';this.style.color='#2f2c7e';\" onmouseenter=\"this.style.borderColor='#2f2c7e';this.style.backgroundColor='#2f2c7e';this.style.color='#ffffff';\" href=\"https:\/\/www.grandelojadoparana.org.br\/espanol\/es-contato\/\" target=\"_self\">\u00a1Cont\u00e1ctenos!<\/a><\/div> <div class=\"clearboth\"><\/div><div class=\"gem-divider \" style=\"margin-top: 40px;\"><\/div>[\/vc_column][\/vc_row]<\/p>\n","protected":false},"excerpt":{"rendered":"<p>[vc_row][vc_column][vc_column_text css_animation=&#8221;bottom-to-top&#8221;] CONOCE NUESTRA HISTORIA [\/vc_column_text][vc_column_text css_animation=&#8221;bottom-to-top&#8221;] REGULARIDAD MAS\u00d3NICA 1 [\/vc_column_text][\/vc_column][\/vc_row][vc_row css=&#8221;.vc_custom_1608210755218{margin-top: 140px !important;margin-bottom: 80px !important;background-position: 0 0 !important;background-repeat: no-repeat&#8230;<\/p>\n","protected":false},"author":1,"featured_media":0,"parent":0,"menu_order":0,"comment_status":"closed","ping_status":"closed","template":"","meta":{"footnotes":""},"class_list":["post-27102","page","type-page","status-publish"],"_links":{"self":[{"href":"https:\/\/www.grandelojadoparana.org.br\/espanol\/wp-json\/wp\/v2\/pages\/27102","targetHints":{"allow":["GET"]}}],"collection":[{"href":"https:\/\/www.grandelojadoparana.org.br\/espanol\/wp-json\/wp\/v2\/pages"}],"about":[{"href":"https:\/\/www.grandelojadoparana.org.br\/espanol\/wp-json\/wp\/v2\/types\/page"}],"author":[{"embeddable":true,"href":"https:\/\/www.grandelojadoparana.org.br\/espanol\/wp-json\/wp\/v2\/users\/1"}],"replies":[{"embeddable":true,"href":"https:\/\/www.grandelojadoparana.org.br\/espanol\/wp-json\/wp\/v2\/comments?post=27102"}],"version-history":[{"count":9,"href":"https:\/\/www.grandelojadoparana.org.br\/espanol\/wp-json\/wp\/v2\/pages\/27102\/revisions"}],"predecessor-version":[{"id":27355,"href":"https:\/\/www.grandelojadoparana.org.br\/espanol\/wp-json\/wp\/v2\/pages\/27102\/revisions\/27355"}],"wp:attachment":[{"href":"https:\/\/www.grandelojadoparana.org.br\/espanol\/wp-json\/wp\/v2\/media?parent=27102"}],"curies":[{"name":"wp","href":"https:\/\/api.w.org\/{rel}","templated":true}]}}